 p - (13 + -7)/(2/1). What is the greatest common factor of m and 21?
21
Let l be 63918/424 + (-15)/(-4)*15/(-75). Suppose -4*b + 980 = 2*u + 2*u, -4*b - 2*u + 990 = 0. What is the greatest common divisor of l and b?
50
Suppose 928 = 53*n - 52*n - 3*s, 3*s - 4658 = -5*n. What is the greatest common factor of 245 and n?
49
Suppose 135 = 2*n + 5*x, 2*n - x = 5*n - 183. Let w be ((-60)/(-45) - 4/6)*-6. Let y be 3 + 755/5 + w. Calculate the highest common factor of y and n.
30
Let s(f) = -f**2 - 34*f - 78. Let w be s(-24). Suppose 396 = -15*d + 26*d. What is the highest common divisor of d and w?
18
Suppose 1115888 = -41*u + 138*u. What is the greatest common factor of u and 32?
16
Let o(l) be the first derivative of 40*l - 3/2*l**2 + 17. Let x be o(6). What is the highest common divisor of 242 and x?
22
Suppose 0 = 2*r + 4*r + 30. Let v(o) = -19*o - 76. Let n be v(r). What is the greatest common factor of 513 and n?
19
Let v = -145 - -214. Let y = -216 + 218. Let f(m) = 8*m**3 - 8*m**2 + 8*m - 2. Let c be f(y). What is the highest common factor of c and v?
23
Suppose 44 = i + 5*g, -4*g = -4*i + g + 101. Let m(j) = 59*j**2 - j. Let f be 12/21 - (-3)/7. Let p be m(f). Calculate the highest common factor of i and p.
29
Suppose -55 = 2*h - z - 3454, h - 1683 = -5*z. Calculate the greatest common factor of 72 and h.
6
Let v = 57 - 60. Let c(t) = -2*t**3 + t**2 + 6*t - 10. Let h be c(v). Calculate the greatest common factor of h and 385.
35
Let c(l) = 3*l**2 - 4. Let p be c(6). Let w(s) = -51*s**2 - 464*s + 33. Let x be w(-9). What is the greatest common divisor of x and p?
26
Let f be 16/(-88) - (4369/(-11) + 1). Let r = -34 + f. Let w = 533 - r. Calculate the highest common factor of w and 19.
19
Let u be 45/(-15) + 33722/20 - 2/20. Calculate the highest common divisor of 396 and u.
99
Suppose 14*k - 118 = 1702. Calculate the highest common factor of 585 and k.
65
Suppose 3*n = -5*g, 5*g + 2*n + 3*n = -10. Suppose g*y = 147 + 33. Suppose -488 + 368 = -4*p. What is the highest common factor of p and y?
30
Suppose -32*p = -19*p - 10*p - 2304. Calculate the highest common factor of p and 12.
12
Let y be (-4)/10 + 54/10. Suppose y*r - 31 = 59. Suppose b - 4*b = -r. What is the highest common factor of b and 30?
6
Let d(y) = -93*y**3 - 3*y + 3. Let z(l) = 46*l**3 + 2*l - 2. Let m(b) = -5*d(b) - 9*z(b). Let r be m(2). What is the greatest common factor of r and 45?
45
Suppose -226*n - 8*n - 80977 = -234949. Calculate the highest common divisor of 42 and n.
14
Suppose 2*g - 91 + 15 = 0. Suppose 0 = -17*c - 14*c + 1798. Suppose 3*i = -1 + c. What is the highest common factor of i and g?
19
Suppose 132*u = -69*u - 115015 + 846655. Calculate the greatest common divisor of u and 2520.
280
Let i(w) = 9*w - 5. Let c be (-12)/9 - 39/(-9). Suppose 4*u = 2*k + 6, -c*k - u + 25 = 6. Let a be i(k). Calculate the highest common divisor of 120 and a.
40
Let z(h) = 1446*h**2 + 10*h - 35. Let j be z(2). What is the greatest common divisor of 9 and j?
9
Let k be (4 - (-1524)/4) + 1. Let h = 426 - k. What is the highest common factor of h and 10?
10
Suppose -4*d = 25*d - 17226. Suppose 0 = -33*z + 10*z + 759. Calculate the greatest common divisor of z and d.
33
Let u(c) = 7*c**2 - 31*c - 40. Let r be u(8). Calculate the greatest common factor of r and 4220.
20
Suppose 0 = d - 5*z - 22, 5*d = d - 5*z + 13. Suppose 53 + 3 = d*c. Let m = -4 - -20. Calculate the greatest common divisor of m and c.
8
Let w = 5 + 63. Let z = 68 - w. Suppose z = 7*y - 45 - 459. What is the greatest common factor of 18 and y?
18
Let x = -4220 + 4223. Calculate the highest common divisor of x and 1149.
3
Let p = 2 + 3. Suppose 22 = -p*z + 102. Suppose -3*h + 2*l = -386, 5*h - 3*l + 7480 - 8123 = 0. Calculate the highest common factor of h and z.
16
Let u(l) = -8*l + 17. Let q be u(-5). Let r = q + -49. Suppose 0 = -7*y + r*y - 42. Calculate the greatest common factor of y and 56.
14
Suppose f = -2*d + 466 + 597, -2*d = -5*f + 5363. What is the greatest common divisor of f and 918?
153
Suppose 693 = 6*q + 5*q. Let r = q - 56. What is the greatest common factor of r and 70?
7
Let f = -9025 + 9027. Let h be 48/28 + (-4)/(-14). Calculate the greatest common divisor of h and f.
2
Suppose -c = -4*i - 12, -4*i = -4*c + 17 + 31. Suppose -a + d = -322, 976 = 3*a + d + d. What is the highest common divisor of a and c?
12
Let f = -625 + 625. Let n be 526/1315*(f + -5)*-2. What is the greatest common factor of 52 and n?
4
Let f be -4 + 20/(-6)*(-708)/(-5). Let l be (717 - -2)*(-5 - -6). Let j = l + f. Calculate the highest common divisor of 27 and j.
27
Suppose 2*m + 16 = -2*m, -2*k = -5*m - 592. Suppose 4*o + 27 - 117 = -3*s, -2*s = 2*o - 56. Calculate the greatest common factor of k and s.
22
Let h = -65 - -97. Suppose -21631 = 211*l - 31466 - 37429. What is the highest common factor of h and l?
32
Let c(b) = 431*b - 3400. Let a be c(8). Calculate the highest common divisor of a and 5408.
16
Let f = -74 + 77. Let s be 3/1*(40/f)/8. Suppose -w + 25 = w - c, s*w - c - 70 = 0. Calculate the greatest common divisor of 105 and w.
15
Let l = 10934 - 10920. What is the greatest common factor of l and 13874?
14
Suppose 179*q - 3780 = 158*q. Calculate the highest common divisor of 1035 and q.
45
Let c(x) = -4*x + 9*x**3 - 8 + 2 + 19*x**2 - 11*x**3 - 6*x**2. Let i be c(6). What is the greatest common factor of 96 and i?
6
Suppose 0 = -639*l - 28549 + 895672. What is the greatest common factor of 736 and l?
23
Let r be (-18 + -13 - -16)*14/(-10). Calculate the highest common factor of r and 483.
21
Let s(k) = -2 + 247*k**2 - 4*k - 125*k**2 - 128*k**2 + k**3. Let p be s(6). Let b be -8*5/(-10) - p. Calculate the greatest common factor of 240 and b.
30
Suppose 4*w - 373 = 3*w - 2*k, -4*w = 3*k - 1482. What is the highest common factor of w and 9?
9
Let t = 3833 + -3311. What is the greatest common factor of t and 58?
58
Let h be (13 + -251)*(-2 - 1). Suppose -12*p = -19*p + 4*g + 214, -84 = -3*p + 3*g. Calculate the greatest common factor of h and p.
34
Let n(c) = 8*c**2 + 17*c - 51. Suppose -34*s + 51 + 119 = 0. Let f be n(s). What is the highest common factor of 156 and f?
78
Let w(f) = -f**3 + 27*f**2 - 173*f + 43. Let r be w(16). Calculate the highest common factor of 7 and r.
7
Suppose 2*k - 16 = -3*g + 8, -5*g = k - 47. Let n(i) = -g*i + 1 + 4*i - 4*i. Let u be n(-11). What is the highest common factor of 74 and u?
37
Let h = -56 - -11. Let k = -38 - h. Suppose 0 = -k*l + 2*l + 50. Calculate the greatest common factor of l and 70.
10
Suppose -22*t + 126*t = 416. Calculate the highest common divisor of 1004 and t.
4
Suppose -108*a + 33167 + 127910 = 43789. What is the highest common factor of a and 6?
6
Suppose 2*s + 81*f = 77*f + 86, 56 = 2*s - f. Suppose 0 = 2*j - z - 925, -5*j = -0*z - 4*z - 2305. Calculate the highest common divisor of j and s.
31
Let m(u) = -7*u**2 - 4*u + 1624. Let h be m(0). Calculate the highest common factor of 504 and h.
56
Let c be (6/(-27))/((-2)/18). Let p be (-3)/(c - 3) - -48. Suppose -114 = -9*w + 39. Calculate the greatest common factor of w and p.
17
Let b be 3/(-12) + (205/20 - 4). Let t(a) = 2*a - 8. Let q be t(b). What is the greatest common factor of q and 3?
1
Let z = 24 - 5. Let a be (1360/30)/34 + (-14)/6 - -248. What is the highest common factor of z and a?
19
Let g(q) = 1 - 2 - 39*q + 2*q + 0. Let x be g(-5). Suppose -229*f = a - 228*f - 17, 0 = 2*a - 4*f + 20. What is the highest common factor of x and a?
8
Let h = 3756 - 3668. Let d be 6/(-9)*(-9)/(-6). Let w be (-9)/3*d - -5. Calculate the highest common factor of w and h.
8
Let l(c) = c**2 - 10*c + 111. Let f be l(10). What is the greatest common factor of 1221 and f?
111
Let v = -31 + 18. Let p = v - -16. Suppose 0 = -4*z + 2*m + 70, -71 = -p*z - m - 6. Calculate the highest common factor of 4 and z.
4
Let w = 528 - 836. Let s = w - -620. What is the highest common divisor of s and 234?
78
Suppose 504 = 13*i - i. Suppose 0 = 55*f - 48*f - i. What is the greatest common factor of 138 and f?
6
Suppose 3*m - 3*b + 180 = 0, -3*m = 5*b - 0*b + 180. Let i be m*(12/16)/1. Let v = 59 + i. Calculate the highest common divisor of 126 and v.
14
Let d(c) = 9*c - 2. Let k be d(10). Suppose -50 = -5*g + 5*v, v = 2*g + 4*v - 20.